- 3. What is the remainder when y(u) is divided by (-596995)/(-99715) - 6/(-462)?
3
Let w be (-2)/2*(-7)/(84/(-180)). What is the remainder when 307 is divided by ((-10)/w)/((-2)/(-15))?
2
Suppose -2*r = -4*c + 1832, 11*c - 15*c = 5*r - 1846. What is the remainder when c is divided by 222?
15
Calculate the remainder when 4/14 - (13470/(-9))/((-252)/(-54)) is divided by 41.
34
Let h be 248554/(-14) - (-24)/28. Calculate the remainder when 139 is divided by (-4)/(-30) - h/615.
23
Let o = -14 + 5. Let n(v) = -v**2 - 8*v - 2. Calculate the remainder when n(-6) is divided by (4/o)/((-2)/9).
0
Suppose 0 = -30*b + 2222 + 6388. What is the remainder when b is divided by 38?
21
Let a be 3 + 0 - 56/14. Let k(j) = j. Let t(s) = -3*s**2 + s. Let d(o) = a*t(o) + 2*k(o). Calculate the remainder when d(2) is divided by 4.
2
Let z(s) = -s**2 + 7*s + 45. Let j be z(-4). Let q(a) = 81*a**3 + 2*a**2 - 4*a + 3. Let f(k) = k + 6. What is the remainder when q(j) is divided by f(6)?
10
Suppose 0 = 28*o - 559 - 141. Suppose 427 = o*a - 23. What is the remainder when a is divided by 20/2 - 2/(-2)?
7
Let h(y) = 11*y**2 + 637*y - 41. Calculate the remainder when 627 is divided by h(-58).
15
Calculate the remainder when 580 is divided by ((-16)/(-12))/((-45)/(-594)*(-8)/(-10)).
8
Let v = -23398 + 23437. Suppose -548 - 220 = -4*p. Calculate the remainder when p is divided by v.
36
Calculate the remainder when 11009/7 + (285/228)/((-70)/(-16)) is divided by 523.
4
Let a(u) = 4*u + 60. Let n be a(-9). What is the remainder when (-3)/n + (-3705)/(-8) is divided by 16?
15
What is the remainder when (-1 - 78)*(-83 - -81) is divided by 37?
10
Let t = 4492 + -4470. What is the remainder when 2198 is divided by t?
20
Let g(u) = 6*u**2 + 65*u + 222. Calculate the remainder when 974 is divided by g(-7).
59
Let k(x) = x**3 - 28*x**2 + 41*x - 535. Calculate the remainder when k(28) is divided by 200.
13
Let o(u) = u**3 - 23*u**2 + 21*u + 16. Let z be o(22). Let w(v) = v**3 + 9*v**2 + 13*v + 10. What is the remainder when w(z) is divided by 17?
6
Suppose 0 = 3*m - 2*m + 2. Let b = 6687 - 6670. Calculate the remainder when m/(-4)*83*2 is divided by b.
15
Suppose 2*w + 14 = 2*q, 8*w + 24 = 2*q + 4*w. Let o(c) = 18*c**2 + 4*c - 12. Calculate the remainder when o(q) is divided by 24.
20
Let x = 3102 + -2975. Let z = -17 + 39. What is the remainder when x is divided by z?
17
Suppose -3*h = -h + 5*t - 1140, 3*t = -h + 572. What is the remainder when h is divided by 82?
68
Suppose 23*q = 12*q + 77. Suppose q = -2*l + 11. Suppose 5*f = l*f + 297. Calculate the remainder when f is divided by 25.
24
Suppose 0 = 30*m - 28*m - 4. Let i be (1/(-2))/(m/120). Let b = i + 39. Calculate the remainder when b is divided by 4.
1
Suppose 0 = -9*p + 7*p, 0 = 3*v + 3*p - 30. Suppose -4*a = 5*n - 1325, 5*a - 3*n + v = 1620. Calculate the remainder when a is divided by 41.
38
Suppose 0 = 18*k - 601 + 215 - 1774. Let b(m) = 4*m**2 - 4*m + 3. Calculate the remainder when k is divided by b(2).
10
Suppose -52 - 158 = 6*g. Let k = g + 40. Suppose -2*l = -5*j - 3*l + 65, l + k = 0. What is the remainder when 25 is divided by j?
11
What is the remainder when ((-18)/54)/((-5)/1815) is divided by 40?
1
Let k be (-4)/((-20)/13) + 12/30. Let d = -2 + 35. What is the remainder when (k + -124 + -6)*(-1 - 0) is divided by d?
28
Let i = -89 + 105. Suppose -i*s = -s + 1095. Let t = 84 + s. What is the remainder when 76 is divided by t?
10
What is the remainder when 296/(-6)*(-6)/4 is divided by 44/(-1056)*-252*6?
11
Let k(b) = 9*b**3 - 3*b**2 - b. Let p be k(-2). Suppose 0 = 4*g + 15*g - 3667. Let z = p + g. What is the remainder when z is divided by 31?
18
Let a(z) = 5*z**2 - 56*z - 173. Calculate the remainder when 802 is divided by a(14).
20
Let h = -3152 - -3206. What is the remainder when 267 is divided by h?
51
Let x(h) = -3*h**3 - 4*h**2 + 1798*h + 5414. Let u = 400 - 150. Calculate the remainder when u is divided by x(-3).
55
Let z = -44 + 162. What is the remainder when z is divided by 2 - 3/((-12)/(-32)) - (-49 - -10)?
19
Let v be (24/18)/(8/12). Suppose v*z - 56 = -14. Calculate the remainder when z is divided by (5/(-10) - -1)*16.
5
Let j = 35233 + -33959. What is the remainder when j is divided by 29?
27
Suppose 37*r - 26902 = 5880. Calculate the remainder when r is divided by 322.
242
Let t(m) = 28 - 46*m - 4 + 38*m. Calculate the remainder when 154 is divided by t(-2).
34
Suppose 4*q + j = -2*j + 86, 52 = 3*q - 4*j. Calculate the remainder when 45 is divided by q.
5
Suppose -25*t = 83*t + 2*t - 16610. What is the remainder when t is divided by 62?
27
Suppose 21*a - 64*a = 24*a - 1005. What is the remainder when 599 is divided by a?
14
Let z = 781 - -432. What is the remainder when z is divided by 122?
115
Let s be (28/8)/(19/38). Suppose -262 = -s*w + 606. What is the remainder when w is divided by 8?
4
Let g(i) = 7*i**2 + 3*i + 7. Let r(l) = l**3 - 12*l**2 + 21*l - 13. Let x be r(10). Calculate the remainder when 546 is divided by g(x).
58
Let f(i) be the second derivative of 0 + 5/6*i**3 - 13*i + 14*i**2. Calculate the remainder when 54 is divided by f(0).
26
Let b be -8*(1 + 14/(-8)). Let i be (b/(-2))/3*44. What is the remainder when (i/6)/((-2)/21) is divided by 26?
25
Let a = -75242 + 75480. Suppose -4*v + 34 + 166 = 0. What is the remainder when a is divided by v?
38
Suppose -286 - 60 = -2*x - 4*b, -2*x + 2*b + 322 = 0. What is the remainder when 227 is divided by x?
62
Let s = 319 + -143. Suppose -t + 12 = b, 30 = 4*t - t + 5*b. What is the remainder when s is divided by t?
11
Let c = -16178 + 16188. Let n(y) = 8*y + 1. What is the remainder when n(5) is divided by c?
1
Let r = -1239 + 753. Let c = 541 + r. What is the remainder when c is divided by 5?
0
Let b(c) be the first derivative of c**3/3 + 33*c**2/2 - 39*c - 77. Calculate the remainder when b(-36) is divided by 35.
34
Suppose 0 = 161*u - 166*u + 25. Suppose -u*d - 4*j = j - 125, 2*d - 47 = -j. What is the remainder when d is divided by 9?
4
Let i(l) = 3*l + 8. Let g(w) = 2*w**3 + w + 11. What is the remainder when g(4) is divided by i(7)?
27
Let r = 64 - 37. Let q = 100 - -191. Let z = 369 - q. What is the remainder when z is divided by r?
24
Let m = -2 + 8. Let x be 264/(-16)*((-50)/m - -1). Suppose -f = 2*d - 4 - 13, -5*f + 2*d + x = 0. What is the remainder when f is divided by 6?
5
Suppose -2*u - 686 = -3*g, g = -3*g - 5*u + 884. Let a = g - 100. What is the remainder when a is divided by 45?
36
Suppose -i = i - 3*r - 49, 4*r = 5*i - 112. Suppose -3*d = -8*d - 5*g + i, d + 3*g = 4. What is the remainder when 4/16 + 483/d is divided by 31?
28
Suppose 0 = -3*t + 6 + 54. Let h(s) = 81*s + 1573. What is the remainder when h(-18) is divided by t?
15
Let l = -84 + 86. Suppose 4*i - 206 = 3*j, -i - 5*j + 44 = -l*j. Suppose 42*a - i*a = -232. What is the remainder when 202 is divided by a?
28
Let d = 5043 + -4973. Calculate the remainder when d is divided by 41.
29
Suppose 0 = -0*g + 5*g, 3*n - 2*g = 15. Suppose 13*j = n*j - 864. Let s = 112 + j. What is the remainder when 7 is divided by s?
3
Let s be 0*((-7)/2)/(-7). Suppose s = -9*v + 315 - 1854. Let m = -133 - v. Calculate the remainder when 111 is divided by m.
35
Let l = -59 - -73. Suppose -54 = 10*k - l*k + 3*z, -5*k - z + 58 = 0. What is the remainder when 141 is divided by k?
9
Let r = 326 + -336. Let a(q) = q**2 + 10*q + 36. What is the remainder when 77 is divided by a(r)?
5
Suppose 2*w + 3 = -q - 0, 0 = 2*w + 3*q + 1. Let l = w + 61. What is the remainder when l is divided by 10?
9
Let i(l) = l**2 - l - 4. Let a(r) = -8*r + 85. Let c = -362 + 349. What is the remainder when a(c) is divided by i(-6)?
37
Suppose 228*r - 566 = 264*r - 2978. Calculate the remainder when 272 is divided by r.
4
What is the remainder when 384 is divided by (-13)/(1482/(-42396)) - (2 + 200/(-95))?
12
Suppose -82 = -4*y - 2*r, -9*r + 10 = -11*r. What is the remainder when 1954 is divided by y?
22
Calculate the remainder when (-1610)/(-2) - (-163 + 152) is divided by 69.
57
Let f(p) = 33*p**2 - 45*p - 732. Calculate the remainder when f(-23) is divided by 214.
212
Suppose -4*z = -h - 0*h - 9, 6 = 3*z. Let s(l) = -8*l**3 - 3 + 55*l - 57*l - 2*l**2 + 2. What is the remainder when 10 is divided by s(h)?
3
Let 